nits digit of g?
2
What is the thousands digit of (583 + 1)*(4524/(-24))/(-13)?
8
Let k(c) = 4*c**3 - 7*c**2 + 8*c - 12. Let d be k(6). Suppose d = -b + 10*b. Suppose 3*y + b = 5*y. What is the units digit of y?
6
Let d = 6 - 1. Suppose 2*k + 2*c = -4, d*k - 3*c = -12 + 34. Suppose -5*s + 67 = k*b - 43, 0 = -2*b + 4*s + 110. What is the units digit of b?
5
Let t = 3730 + -1831. Suppose 8*i - t = -i. What is the units digit of i?
1
What is the units digit of -6*(-1)/3*122?
4
Let a(n) = -2*n**3 - 20*n**2 + 41*n + 21. Let u be a(-18). Suppose -q + 7427 = 5*i, 16*q - u = -3*i + 19*q. What is the hundreds digit of i?
4
Let p(g) = -g**2 + 48 + 17*g + 5*g**2 - 5*g**2 - 19. Suppose -41 + 139 = 7*z. What is the units digit of p(z)?
1
Let v(w) = -5*w**3 - w**2 - 4*w - 2. Let o(l) = -l**2 + l + 12. Let z be o(0). Suppose -6*c + z = 18. What is the units digit of v(c)?
6
Suppose -7*h + 1849 = 36*h. Suppose 0 = -h*o + 21*o + 9086. What is the hundreds digit of o?
4
Suppose 16*g - 24372 - 134300 = 0. What is the units digit of g?
7
Let z = -664 + 657. What is the hundreds digit of (z - (0 - 6)) + 501?
5
Suppose 68*a - 306177 = 49882 + 54797. What is the hundreds digit of a?
0
Let f(y) = y**2 - 3*y + 4. Let d be f(0). Suppose 4*k - 5*x = 1804, -5*k + 2103 + 152 = -d*x. What is the hundreds digit of k?
4
Let p = 3108 - 5630. Let w = -1533 - p. What is the units digit of w?
9
Let f be (-4 + (1 - 0))*1. Let m be 0 - (-10)/f*3. Let l = m - -77. What is the units digit of l?
7
Let h = 6471 - 2288. Let a = -2721 + h. What is the hundreds digit of a?
4
Let f be -15*(-3 + 6)/(-3). Let g = 44 + f. Suppose 2*h - 118 = 4*k - 6*k, h - g = 2*k. What is the units digit of h?
9
Let d be (24/108 - (-2522)/72)*8. Suppose 0 = -286*z + d*z + 760. What is the tens digit of z?
9
Let b(t) = 1. Let r(s) = 30*s - 27. Let x(p) = 18*b(p) + 2*r(p). What is the tens digit of x(7)?
8
What is the tens digit of ((-11)/((-55)/(-60)) - -54195) + 2?
8
Suppose -109*v + 628075 = -72*v. What is the hundreds digit of v?
9
Let t be (1 + 1)*-12*69/(-9). Suppose 3*p - 110 = t. What is the tens digit of p?
9
What is the thousands digit of (1 + 4/2)*(-29)/87 - -15810?
5
What is the thousands digit of 8 + 0 - 19/((-228)/99504)?
8
What is the units digit of (45 + 1127269/26)*(3 - 1)?
3
Let q be (12/(-36))/((-1)/831). Let c = -103 + q. What is the units digit of c?
4
Let r be (4/6)/(-8*(-7)/1260). Suppose t = 5*j + 528, 0 = -11*t + r*t - 4*j - 2144. What is the tens digit of t?
3
Let m = 760 + -439. Let k = 1295 - m. What is the units digit of k?
4
Let t be 47312/32 + -2*(-3)/(-12). Suppose 0*j = 3*j + 2*b - t, 4*j = -b + 1974. What is the units digit of j?
4
Let x(s) = 8*s**2 - 22*s + 1. Let i be x(3). Let q be (i + 4/(-1 - 3))/2. Suppose -4*h - q*h = -1456. What is the hundreds digit of h?
2
Suppose -128 = -12*g + 2752. Suppose -10*f + g = -6*f. What is the units digit of f?
0
Let w(j) = 8*j**3 + 8*j**2 + 4*j + 13. What is the tens digit of w(7)?
7
Let z = 8662 + -5360. What is the tens digit of z?
0
Suppose -63*a + 60*a - 2*r + 87598 = 0, 2*a + 17*r = 58477. What is the tens digit of a?
9
Let z(c) = -4*c - 38*c**3 + 6*c**2 + 17 + 0*c + 39*c**3. What is the units digit of z(-6)?
1
What is the tens digit of 6134/2*(-1092)/(-52)?
0
Let t = 15782 + -7607. What is the hundreds digit of t?
1
Let l(b) = -4*b**3 - 9*b**2 + 19*b - 37. Let f be l(6). Let r = -710 - f. What is the units digit of r?
1
Suppose 4*f - 15 = 5*r - f, 5*r = 4*f - 14. What is the tens digit of -3 + (-24)/(-4) + (-1384)/r?
9
Let j(o) = 118*o**3 - 43*o**2 + 380*o + 126. What is the hundreds digit of j(9)?
0
Suppose -4*l + 7*l - 33 = 0. Suppose -1 = 2*t - l. Suppose -3*b - r + 354 = 0, t*b + r - 573 = 5*r. What is the units digit of b?
7
Let m(y) = -6922*y**3 + 4*y**2 + 9*y + 7. What is the hundreds digit of m(-1)?
9
Suppose -4*m + p + 10 = 4*p, p = -3*m + 10. Suppose -5*j + 129 = -m*j + n, 4*j + n = 501. What is the units digit of j?
4
Suppose -2*j + 10*o - 7*o - 8 = 0, 0 = 5*o - 20. Suppose 2*f = j*d + 121 - 561, 648 = 3*d + f. What is the hundreds digit of d?
2
Let s(p) = 263*p**3 + 12*p**2 - 11*p + 1. Let m = 180 - 179. What is the tens digit of s(m)?
6
Suppose -5*w - 22 = -37. Suppose w*y = 4*l + 651, 5*l = 7*y - 2*y - 1090. What is the tens digit of y?
2
Let l(j) = -j**3 - 17*j**2 - 5*j - 36. Let w be l(-12). Let k = w + 1165. What is the tens digit of k?
6
What is the units digit of ((2 + -3)*1/(6/118842))/(-1)?
7
Suppose 256169 = 32*t - 66839. What is the units digit of t?
4
Suppose -241*f + 243*f = 5*p - 22456, 22452 = 5*p - 4*f. What is the hundreds digit of p?
4
What is the thousands digit of (91 - 23)/(-17) - -72*627?
5
Let q(a) = -486*a + 122. Let t be q(-9). Suppose -2*n = 5*m - t, -8*n - 895 = -m - 7*n. What is the tens digit of m?
9
Suppose 3*m + 5 = 14. Let z be (-36)/(-20) + 2/10. What is the units digit of (m - -3)*21/z?
3
Suppose 0 = -4*b + 20, 0 = 3*c - c - 5*b + 13. What is the tens digit of ((-2)/c)/((-8)/1368)?
5
Let z(j) = j**2 + 4*j - 2. Suppose -3*l = 3*l - 6. Let d be z(l). What is the units digit of (d/4)/((-4)/704*-2)?
6
Let x be ((-1)/((-3)/9))/(18*(-9)/(-3564)). Suppose -5*c + 51 = -3*h, 2*h - 15 = -2*c - 49. Let p = h + x. What is the tens digit of p?
4
Suppose 1661244 = 798*w - 752*w. What is the units digit of w?
4
Suppose 0 = 6*i - 28 - 32. Suppose -151 - 469 = -i*a. What is the tens digit of a?
6
Suppose -20*n + 25*n = 2*o + 92469, 2*n + 4*o - 37002 = 0. What is the ten thousands digit of n?
1
Suppose 5*a - 3427 = -3*y, 0 = -21*y + 23*y - a - 2302. Let r = -752 + y. What is the tens digit of r?
9
Suppose 0 = -3*q + 3*r - 6, -2*r - 2*r + 2 = -q. What is the tens digit of ((-26)/(-2))/(q*(-1)/6)?
3
Let w(b) = -8*b**3 + b**2 - 19*b + 64. What is the tens digit of w(-8)?
7
Let c(l) = 361*l**2 + 20*l - 41. Suppose 0 = -5*j - i + 12, -4*j - 2 + 14 = 2*i. What is the tens digit of c(j)?
4
Suppose 51*z - 251*z + 5294996 = 66*z. What is the ten thousands digit of z?
1
Let h = 215 - 153. Suppose -880 = -66*w + h*w. What is the units digit of w?
0
Let t = 94 + 19. Let k = t - 105. What is the tens digit of 1/k*2 + (-7820)/(-80)?
9
What is the tens digit of (198/21)/((-22)/(-36498))?
4
Let u be (-474)/4 + (-9)/6. Let o = u + 53. What is the tens digit of (-48)/(-12) - (-1 + o)?
7
Suppose 44*s - 2286 = 2510. What is the tens digit of s?
0
Suppose 0 = 16*s - s - 45. Suppose -s*h = -2*h - 209. Let z = h - 95. What is the tens digit of z?
1
Suppose 14072 = 27*c - 15169. What is the units digit of c?
3
Let o(h) = 2264*h + 138. What is the ten thousands digit of o(5)?
1
Let y(m) = 14*m + 321. Let f be y(-23). What is the tens digit of 56650/50 + f*7?
2
Suppose -37*s = -29*s + 73*s - 754029. What is the thousands digit of s?
9
Suppose -5*n + 88 = -3*u, -u - 4*n + 4 = n. Let b be (-7)/(u/(-24)) + 4. What is the tens digit of 120 + 2/b*-4?
2
Let m(x) = -57313*x + 12. What is the units digit of m(-1)?
5
Let t(c) = 3*c**2 + 108*c - 6 - 1 - 107*c. Let f be t(-6). Suppose f = -17*a + 18*a. What is the units digit of a?
5
What is the hundreds digit of (5 + (5 - (-965)/(-10)))/((-11)/506)?
9
Let c(d) = 3002*d - 977. What is the thousands digit of c(4)?
1
Let k(t) be the second derivative of 0 + 0*t**3 + 211/12*t**4 + 1/2*t**2 + 18*t. What is the tens digit of k(-1)?
1
Let c(i) = 4*i**2 + 111 + 77 - 3*i**2 - i. Let y(s) = s**2 - s. Let u be y(1). What is the units digit of c(u)?
8
Suppose -4*g - 2*o = -g + 295, o - 90 = g. Let z = -50 - g. Let w = z - 16. What is the tens digit of w?
2
Suppose -22*h - 44200 = -153496. What is the hundreds digit of h?
9
Let m(s) = 10*s - 20. Let x be m(5). Suppose 12*a - 6*a = x. Suppose -a*g = -10*g + 605. What is the hundreds digit of g?
1
Let t(b) = 20 + 37 - 30 + 60*b. Let m be t(4). Suppose -l - m = -4*l. What is the units digit of l?
9
Let j = 53180 - 35656. What is the hundreds digit of j?
5
Let n = -11 + 13. Suppose 0 = 4*c + n - 14. Suppose c*a + 0*i = -5*i + 47, 5*i = -10. What is the units digit of a?
9
What is the hundreds digit of (-156)/(-39) + (26196 - 7)?
1
Let l(h) = -h**3 - 4*h**2 + 3. Let d be l(-4). Suppose 0 = d*u - s + 13, 0 = -2*s - 2 + 4. What is the tens digit of (((-33)/u)/(-1))/((-10)/80)?
6
Let i = -23887 - -59781. What is the ten thousands digit of i?
3
Let x = -5